late the remainder when 288 is divided by 97.
94
Calculate the remainder when 27 is divided by 17.
10
What is the remainder when 3697 is divided by 74?
71
What is the remainder when 586 is divided by 17?
8
Calculate the remainder when 464 is divided by 33.
2
What is the remainder when 527 is divided by 80?
47
What is the remainder when 1141 is divided by 143?
140
Calculate the remainder when 3067 is divided by 3.
1
What is the remainder when 31 is divided by 16?
15
Calculate the remainder when 181 is divided by 64.
53
What is the remainder when 38 is divided by 9?
2
What is the remainder when 4 is divided by 4?
0
What is the remainder when 227 is divided by 6?
5
Calculate the remainder when 33 is divided by 13.
7
What is the remainder when 880 is divided by 18?
16
What is the remainder when 44 is divided by 11?
0
Calculate the remainder when 35 is divided by 27.
8
What is the remainder when 10094 is divided by 66?
62
Calculate the remainder when 104 is divided by 7.
6
Calculate the remainder when 355 is divided by 217.
138
What is the remainder when 665 is divided by 118?
75
What is the remainder when 638 is divided by 174?
116
Calculate the remainder when 174 is divided by 7.
6
What is the remainder when 38 is divided by 9?
2
What is the remainder when 611 is divided by 12?
11
What is the remainder when 83 is divided by 27?
2
Calculate the remainder when 655 is divided by 134.
119
Calculate the remainder when 147 is divided by 74.
73
Calculate the remainder when 6642 is divided by 73.
72
Calculate the remainder when 1432 is divided by 5.
2
Calculate the remainder when 3998 is divided by 93.
92
Calculate the remainder when 53 is divided by 52.
1
Calculate the remainder when 7988 is divided by 10.
8
Calculate the remainder when 920 is divided by 38.
8
What is the remainder when 379 is divided by 128?
123
Calculate the remainder when 227 is divided by 8.
3
What is the remainder when 34 is divided by 2?
0
Calculate the remainder when 23 is divided by 1.
0
What is the remainder when 198 is divided by 29?
24
What is the remainder when 206 is divided by 21?
17
What is the remainder when 2064 is divided by 61?
51
What is the remainder when 8114 is divided by 40?
34
Calculate the remainder when 128 is divided by 1.
0
What is the remainder when 6479 is divided by 108?
107
What is the remainder when 94 is divided by 19?
18
What is the remainder when 17 is divided by 3?
2
What is the remainder when 463 is divided by 4?
3
What is the remainder when 69 is divided by 41?
28
Calculate the remainder when 19167 is divided by 90.
87
What is the remainder when 1481 is divided by 114?
113
Calculate the remainder when 2133 is divided by 135.
108
What is the remainder when 1176 is divided by 66?
54
What is the remainder when 648 is divided by 313?
22
Calculate the remainder when 6 is divided by 5.
1
Calculate the remainder when 220 is divided by 112.
108
What is the remainder when 22 is divided by 21?
1
What is the remainder when 10397 is divided by 50?
47
Calculate the remainder when 1319 is divided by 15.
14
What is the remainder when 3510 is divided by 868?
38
Calculate the remainder when 43 is divided by 41.
2
What is the remainder when 575 is divided by 12?
11
What is the remainder when 392 is divided by 264?
128
Calculate the remainder when 70 is divided by 38.
32
Calculate the remainder when 11 is divided by 3.
2
What is the remainder when 96 is divided by 27?
15
Calculate the remainder when 8854 is divided by 6.
4
Calculate the remainder when 12707 is divided by 71.
69
What is the remainder when 482 is divided by 159?
5
What is the remainder when 10377 is divided by 15?
12
What is the remainder when 340 is divided by 60?
40
What is the remainder when 33 is divided by 2?
1
What is the remainder when 129 is divided by 8?
1
What is the remainder when 1207 is divided by 121?
118
Calculate the remainder when 28 is divided by 2.
0
Calculate the remainder when 1087 is divided by 136.
135
Calculate the remainder when 8075 is divided by 52.
15
Calculate the remainder when 1776 is divided by 13.
8
Calculate the remainder when 966 is divided by 198.
174
What is the remainder when 236 is divided by 89?
58
What is the remainder when 67 is divided by 13?
2
Calculate the remainder when 2341 is divided by 401.
336
Calculate the remainder when 43 is divided by 4.
3
Calculate the remainder when 1310 is divided by 146.
142
Calculate the remainder when 149 is divided by 9.
5
What is the remainder when 2088 is divided by 346?
12
What is the remainder when 1017 is divided by 102?
99
Calculate the remainder when 952 is divided by 32.
24
Calculate the remainder when 236 is divided by 62.
50
What is the remainder when 209 is divided by 10?
9
Calculate the remainder when 1654 is divided by 10.
4
Calculate the remainder when 9 is divided by 4.
1
Calculate the remainder when 29256 is divided by 418.
414
Calculate the remainder when 4900 is divided by 29.
28
What is the remainder when 129 is divided by 15?
9
Calculate the remainder when 500 is divided by 166.
2
What is the remainder when 72 is divided by 16?
8
What is the remainder when 4445 is divided by 57?
56
Calculate the remainder when 98 is divided by 57.
41
Calculate the remainder when 3502 is divided by 219.
217
What is the remainder when 503 is divided by 167?
2
Calculate the remainder when 1193 is divided by 416.
361
Calculate the remainder when 2829 is divided by 59.
56
What is the remainder when 93 is divided by 17?
8
What is the remainder when 2571 is divided by 39?
36
Calculate the remainder when 1978 is divided by 12.
10
What is the remainder when 245 is divided by 47?
10
Calculate the remainder when 3807 is divided by 30.
27
Calculate the remainder when 719 is divided by 237.
8
Calculate the remainder when 84 is divided by 15.
9
Calculate the remainder when 125 is divided by 19.
11
Calculate the remainder when 465 is divided by 78.
75
Calculate the remainder when 634 is divided by 141.
70
Calculate the remainder when 738 is divided by 106.
102
What is the remainder when 149 is divided by 29?
4
What is the remainder when 1037 is divided by 306?
119
What is the remainder when 1055 is divided by 262?
7
Calculate the remainder when 973 is divided by 89.
83
What is the remainder when 603 is divided by 55?
53
Calculate the remainder when 58 is divided by 30.
28
Calculate the remainder when 1587 is divided by 7.
5
Calculate the remainder when 3097 is divided by 20.
17
Calculate the remainder when 214 is divided by 24.
22
Calculate the remainder when 2102 is divided by 142.
114
Calculate the remainder when 692 is divided by 33.
32
What is the remainder when 390 is divided by 34?
16
What is the remainder when 1859 is divided by 133?
130
What is the remainder when 66 is divided by 17?
15
Calculate the remainder when 2105 is divided by 106.
91
What is the remainder when 6086 is divided by 1518?
14
What is the remainder when 93 is divided by 49?
44
What is the remainder when 4511 is divided by 226?
217
What is the remainder when 1648 is divided by 50?
48
Calculate the remainder when 135 is divided by 37.
24
Calculate the remainder when 495 is divided by 481.
14
What is the remainder when 14740 is divided by 18?
16
Calculate the remainder when 3208 is divided by 161.
149
What is the remainder when 18 is divided by 12?
6
Calculate the remainder when 3545 is divided by 79.
69
Calculate the remainder when 173 is divided by 65.
43
Calculate the remainder when 123 is divided by 26.
19
Calculate the remainder when 454 is divided by 227.
0
Calculate the remainder when 1007 is divided by 293.
128
Calculate the remainder when 1412 is divided by 113.
56
Calculate the remainder when 509 is divided by 36.
5
What is the remainder when 184 is divided by 114?
70
Calculate the remainder when 318 is divided by 82.
72
Calculate the remainder when 112 is divided by 27.
4
What is the remainder when 127 is divided by 16?
15
Calculate the remainder when 258 is divided by 50.
8
Calculate the remainder when 41677 is divided by 20.
17
Calculate the remainder when 3098 is divided by 50.
48
Calculate the remainder when 251 is divided by 48.
11
Calculate the remainder when 851 is divided by 22.
15
What is the remainder when 308 is divided by 11?
0
What is